{"id":195,"date":"2021-02-03T23:11:15","date_gmt":"2021-02-03T20:11:15","guid":{"rendered":"http:\/\/susemp2021.atauni.edu.tr\/?page_id=195"},"modified":"2021-11-11T23:52:16","modified_gmt":"2021-11-11T20:52:16","slug":"komite","status":"publish","type":"page","link":"https:\/\/susemp2021.atauni.edu.tr\/index.php\/komite\/","title":{"rendered":"KOM\u0130TE"},"content":{"rendered":"\n<p><strong>Sempozyum Y\u00f6netimi<\/strong><\/p>\n\n\n\n<p><strong>Onursal Ba\u015fkan<\/strong><\/p>\n\n\n\n<p>Prof. Dr. \u00d6mer \u00c7OMAKLI &#8211; Atat\u00fcrk \u00dcniversitesi Rekt\u00f6r\u00fc<\/p>\n\n\n\n<p><strong>Ba\u015fkan<\/strong><\/p>\n\n\n\n<p>Prof. Dr. Telat YANIK &#8211; Su \u00dcr\u00fcnleri Fak\u00fcltesi Dekan\u0131<\/p>\n\n\n\n<p><strong>Sempozyum sekretaryas\u0131<\/strong><\/p>\n\n\n\n<p><strong>Do\u00e7. Dr. <\/strong>Veysel PARLAK<\/p>\n\n\n\n<p><a href=\"mailto:arzuucar@atauni.edu.tr\"><strong>veysel.parlak@atauni.edu.tr<\/strong><\/a><\/p>\n\n\n\n<p><strong>GSM: 5301303232<\/strong><\/p>\n\n\n\n<p><strong>Do\u00e7. Dr. <\/strong>Arzu U\u00c7AR<\/p>\n\n\n\n<p><a href=\"mailto:veysel.parlak@atauni.edu.tr\"><strong>arzuucar@atauni.edu.tr<\/strong><\/a><\/p>\n\n\n\n<p><strong>GSM:053<\/strong>26317151<\/p>\n\n\n\n<p><strong>Dr. \u00d6\u011fr. \u00dcyesi G\u00f6khan ARSLAN<\/strong><\/p>\n\n\n\n<p><a href=\"mailto:gokhan.arslan@atauni.edu.tr\"><strong>gokhan.arslan@atauni.edu.tr<\/strong><\/a><strong><\/strong><\/p>\n\n\n\n<p><strong>GSM:05327431571<\/strong><\/p>\n","protected":false},"excerpt":{"rendered":"<p>Sempozyum Y\u00f6netimi Onursal Ba\u015fkan Prof. Dr. \u00d6mer \u00c7OMAKLI &#8211; Atat\u00fcrk \u00dcniversitesi Rekt\u00f6r\u00fc Ba\u015fkan Prof. Dr. Telat YANIK &#8211; Su \u00dcr\u00fcnleri Fak\u00fcltesi Dekan\u0131 Sempozyum sekretaryas\u0131 Do\u00e7. Dr. Veysel PARLAK veysel.parlak@atauni.edu.tr GSM: 5301303232 Do\u00e7. Dr. Arzu U\u00c7AR arzuucar@atauni.edu.tr GSM:05326317151 Dr. \u00d6\u011fr. \u00dcyesi G\u00f6khan ARSLAN gokhan.arslan@atauni.edu.tr GSM:05327431571<\/p>\n","protected":false},"author":1,"featured_media":0,"parent":0,"menu_order":0,"comment_status":"closed","ping_status":"closed","template":"","meta":{"footnotes":""},"class_list":["post-195","page","type-page","status-publish","hentry"],"_links":{"self":[{"href":"https:\/\/susemp2021.atauni.edu.tr\/index.php\/wp-json\/wp\/v2\/pages\/195","targetHints":{"allow":["GET"]}}],"collection":[{"href":"https:\/\/susemp2021.atauni.edu.tr\/index.php\/wp-json\/wp\/v2\/pages"}],"about":[{"href":"https:\/\/susemp2021.atauni.edu.tr\/index.php\/wp-json\/wp\/v2\/types\/page"}],"author":[{"embeddable":true,"href":"https:\/\/susemp2021.atauni.edu.tr\/index.php\/wp-json\/wp\/v2\/users\/1"}],"replies":[{"embeddable":true,"href":"https:\/\/susemp2021.atauni.edu.tr\/index.php\/wp-json\/wp\/v2\/comments?post=195"}],"version-history":[{"count":4,"href":"https:\/\/susemp2021.atauni.edu.tr\/index.php\/wp-json\/wp\/v2\/pages\/195\/revisions"}],"predecessor-version":[{"id":313,"href":"https:\/\/susemp2021.atauni.edu.tr\/index.php\/wp-json\/wp\/v2\/pages\/195\/revisions\/313"}],"wp:attachment":[{"href":"https:\/\/susemp2021.atauni.edu.tr\/index.php\/wp-json\/wp\/v2\/media?parent=195"}],"curies":[{"name":"wp","href":"https:\/\/api.w.org\/{rel}","templated":true}]}}